ivative of 7*z**5/60 + z**3/6 - 61*z**2. Let q be l(1). Let w(r) = -r**2 + 6*r + 11. Calculate w(q).
-5
Let z(d) = 9*d**3 + 2*d - 1. Let o(j) = 17*j**3 + 5*j - 2. Let h(b) = 4*o(b) - 9*z(b). Calculate h(-1).
12
Let n be 3/(-1)*30/(-18). Suppose 3*f - h = 4*f - 1, -2*f - n*h - 10 = 0. Let s(j) = j**3 - 6*j**2 + 5*j - 2. Give s(f).
-2
Let c(h) = -23*h - 12. Let b(x) = 8*x + 4. Let y(d) = -11*b(d) - 4*c(d). Let k(p) = -38*p - 3272. Let q be k(-86). Give y(q).
-12
Let k be (8/(-12) + (-6)/(-9))/1. Let l(x) be the second derivative of -x**3/6 + 2*x. What is l(k)?
0
Let z(o) = -o - 4. Let k(b) = -1 - 4 + 4. Let y(m) = -4*k(m) + z(m). Let x be y(-3). Let c(r) = -2*r**2 + 2*r + 1. Determine c(x).
-11
Let y(w) = w**2 + 6*w - 8. Suppose q = -2*a, 4*q = 3*q - 4*a - 4. Suppose 24 = -q*j + c, 4*j + c - 12 = 6*j. Determine y(j).
-8
Let n(q) = 5*q + 17. Let h be (-20 + 7 + 5)/2. Calculate n(h).
-3
Let v(s) = 1 + 104*s**2 + 103*s**2 - 208*s**2. Calculate v(5).
-24
Let o(d) = -1 + 2 - 25*d**3 + 46*d - 47*d. Determine o(1).
-25
Let t(q) = -2*q**2 - q**3 - 19*q - 2*q**2 + 9*q + 8*q. Suppose -z + 4*x - 16 = 0, -z = z + 4*x - 4. Determine t(z).
8
Let z = 32 - 28. Let w be (6/z)/((-4)/8). Let p be 1/(-2 + w + 4). Let r(h) = -16*h**3 + h**2 + h. Determine r(p).
16
Let b(a) = 2*a**3 - a - 1. Let j(w) = 23*w**3 - 2*w**2 - 4*w - 3. Let m(g) = 3*b(g) - j(g). Give m(-1).
18
Let n(s) = -2*s + s - 8 + 10. Let z = 1 + 3. Let m = z + -4. Give n(m).
2
Let a(k) = -k**3 - k**2 - 2*k + 2. Let w(v) = -5*v**3 - 8*v**2 - 10*v + 4. Let c(o) = -4*a(o) + w(o). Let m = -7 + 12. Suppose -m = h - 1. Determine c(h).
4
Let x(r) = 2*r - 11. Let t(j) = -6*j + 32. Let u(g) = 6*t(g) + 17*x(g). Let v(y) = 2*y**2 - 23*y - 44. Let h be v(13). Give u(h).
15
Let z be 3/(-4)*(-456)/171. Let c(g) be the first derivative of -1 + 2*g + 5/3*g**3 - g**2. Calculate c(z).
18
Let v(n) = -6*n**2 - 23*n. Let f(z) = -5*z**2 - 23*z. Let q(y) = -4*f(y) + 3*v(y). What is q(-11)?
-11
Let b(q) be the first derivative of q**4/4 - q**3 - 2*q**2 + 2*q - 1890. Let m(l) = 2*l**2 + 5*l + 1. Let a be m(-4). Suppose 5*j = 2 + a. Determine b(j).
-10
Let d(a) be the first derivative of -a**2/2 - 4*a + 9. Let t be d(0). Let s(r) = -r + 4. What is s(t)?
8
Let p(k) = -k**2 + k + 4. Suppose -3*v - 1 = -5*r + 5, 0 = -r + 3*v + 6. What is p(r)?
4
Let k(y) = -y**2 - 7*y - 2. Let s(a) = 3*a**2 + 22*a + 7. Let i(p) = 7*k(p) + 2*s(p). Let b = -231 + 224. Determine i(b).
-14
Suppose 0*u + 5*u - 3*h + 6 = 0, -8 = -4*h. Suppose u = t + t. Suppose t*x - 4 = x. Let o(b) = b**3 + 5*b**2 + b - 2. Give o(x).
10
Suppose -732 = -4*q - 716. Let m(i) be the first derivative of q*i + 6 + 1/2*i**2. Calculate m(-7).
-3
Suppose 2*i = 2*l + 4, 28*l - 10 = 27*l - 3*i. Let v(g) = 5*g - 2. What is v(l)?
3
Let t(m) = -8*m - 4 - 11*m**2 + 18*m**2 - 8*m**2. Calculate t(-6).
8
Let w(h) be the third derivative of -h**5/60 + h**4/3 - h**3/2 + h**2. Let l(t) = -t**2 - 587*t + 4165. Let n be l(7). Calculate w(n).
4
Let v(q) = 3*q + 2. Let c(i) = 12*i - 41. Let d be c(3). Calculate v(d).
-13
Let x(w) be the first derivative of -3*w**2/2 - 10*w - 552. Determine x(-10).
20
Let y(z) = z**2 - z - 20. Let q be (-11 + 9 + 4)/(4/(-10)). Calculate y(q).
10
Let t(g) = g**3 - 2*g**2 + 2. Let v(s) = -s**3 + 9*s**2 + 20*s - 99. Let h be v(10). Determine t(h).
1
Let n(a) = -a**3 - 5*a**2 + a. Let v(t) = t + 1. Let u(x) = -4*x**3 - 15*x**2 + 8*x + 6. Let w(m) = u(m) - 6*v(m). Let h(f) = -7*n(f) + 2*w(f). Determine h(5).
-15
Let m(l) = 26*l**2 + 1. Let p = 1181 - 1182. Calculate m(p).
27
Let d(m) = -m**2 + m + 25. Let r = -426 - -426. Determine d(r).
25
Suppose 4*q - 3*p = 12, 0 = -4*q - 4*p - 20 + 4. Suppose 5*k + 20 = -4*w, q*k - 3*k - 12 = 4*w. Let x(b) = b**3 - 87 + 39 - b**2 + 39. Give x(w).
-9
Let c(z) be the third derivative of z**6/120 - z**5/30 + z**4/12 - z**3/6 - 2*z**2 - 25. Suppose 5*i = g + 9, 18 - 4 = 4*g + 5*i. Give c(g).
0
Let t be 61/(-9) - (-14)/(-63). Let w(v) = v**2 + 7*v + 11. Give w(t).
11
Let p(z) be the first derivative of -z**5/60 + z**4/4 + 3*z**3/2 + 11*z**2 + 18. Let q(u) be the second derivative of p(u). What is q(7)?
2
Suppose -5*p + 2 - 12 = 0. Let v(n) be the second derivative of 0 - 5*n + 1/12*n**4 + 1/2*n**3 + 1/2*n**2. Determine v(p).
-1
Let y(n) = -2*n + 7*n - 3 - 6*n + 3*n. Suppose 5*p - 29 = -4*u, 0 = -2*p - 4*u + 10 + 4. Suppose -2*x - p*d + 1 = -0*x, -5*d + 7 = 4*x. Calculate y(x).
3
Let h(i) = i**3 - 5*i**2 - 4*i + 4. Suppose -12 = -4*m + 2*m - 2*l, 2*l = 3*m - 23. Let y(o) = -o**2 + o + 13. Let r be y(0). Suppose -m = -4*f + r. Give h(f).
-16
Suppose -14*g = -10*g + 44. Let y be (g + 10)*(0 + 0). Let t(o) = o**2 + 27. Determine t(y).
27
Suppose -2*n = -0*q + 2*q - 10, 2*n = q + 1. Let h(r) = r**2 + 1 + 0*r**n - 2 - 5 + 10*r. Let b be h(-11). Let t(c) = c**2 - 3*c - 3. Determine t(b).
7
Let f(r) be the first derivative of r**3/6 + 56*r + 46. Let h(j) be the first derivative of f(j). Calculate h(-2).
-2
Let h(r) be the first derivative of r**4/4 - 10*r**3/3 + 8*r - 377. Give h(10).
8
Let i(z) be the first derivative of -z**4/4 - 14*z**3/3 - 7*z**2 - 16*z + 566. Calculate i(-13).
-3
Let m(l) = -l**2. Let b(r) = -r**3 + 6*r**2 + r - 2. Let h(o) = -b(o) - 6*m(o). Let d(w) = w**3 + 13*w**2 - 15*w - 14. Let x be d(-14). What is h(x)?
2
Let a(x) be the second derivative of -x**3/6 + 11*x**2/2 + 57*x. Calculate a(6).
5
Let t(i) = -7*i + 14 - 21 + 11 + 3. Determine t(-4).
35
Let h be (0/8)/(1 + -2). Let k(v) = v**3 + v**2 + v + 5. Give k(h).
5
Let f(i) be the first derivative of i**2/2 + 3*i + 3. Suppose 2*d = 3*t - 10, 2*d + 6 = 10*t - 5*t. What is f(d)?
-5
Let a(u) = -2*u**3 - u**2 + 2*u + 1. Let w be a(-2). Let i be (-2)/((-8)/(-15)) - w/(-12). Let k(t) = -t - 4. Give k(i).
-1
Suppose 0 = -5*v + 3*a - 4 + 21, 15 = 5*v - 5*a. Let o(k) = k**2 + v*k**3 + 7*k - 5*k - 5 - 3*k**3 + 3*k**2. Determine o(-4).
-13
Let y(k) = -k - 5. Let i(j) = -j - 4. Let u(d) = -6*i(d) + 5*y(d). Suppose -5*x + 178 = -72. Let w be (6/5)/((-15)/x). Calculate u(w).
-5
Let q(d) be the second derivative of 3/2*d**2 + 18*d + 0 - 1/3*d**3. What is q(7)?
-11
Let v(a) be the first derivative of -3*a**2/2 - 2*a - 239. Determine v(-2).
4
Let r = 7 + -5. Suppose r*d + 60 = 12*d. Let s(t) = -t + 5. What is s(d)?
-1
Let b(s) be the first derivative of -11*s**2 - 2*s + 3*s + 22 + 12*s**2. Give b(-2).
-3
Let g(f) = 6*f + 3. Suppose 352 - 97 = -5*k. Let h = k + 49. What is g(h)?
-9
Let d(w) = -2*w**2 + w + 1. Let u(g) = 7*g**2 + 4*g - 2. Let x(h) = -4*d(h) - u(h). Determine x(8).
-2
Let d(w) = w + 1. Let q be (-6)/8*(-12)/(-3). Let i(m) = -m**3 - m**2 + 3*m + 12. Let y(f) = q*d(f) + i(f). Let c be (-1)/(-3)*0*8/24. Determine y(c).
9
Let g be ((-4)/(-3))/(28/21). Let a(o) be the first derivative of -8*o**3/3 - o**2/2 - 3. What is a(g)?
-9
Let g(k) = -k**3 - 11*k + 5. Let t(x) = x**3 + 9*x - 4. Let m(z) = -5*g(z) - 6*t(z). Give m(-2).
5
Let c(z) = -z**3 + 9*z**2 - 7*z - 8. Let o be c(8). Let n(r) = 3*r**3 - 2*r**3 - 6*r**2 + o*r**3. Suppose x = 5*w - 31, -5*w - 5*x = -4*x - 29. What is n(w)?
0
Let j(g) = -g**3 - g + 1. Let v be (-5 - -3) + (5 - 3). Suppose v*s = -4*s + 8. What is j(s)?
-9
Let h(n) be the third derivative of n**6/120 + 2*n**5/15 + 5*n**4/12 - n**3/2 - n**2 - 24. Determine h(-7).
-24
Let w(m) be the first derivative of -4*m + 1/2*m**2 - 2. Give w(5).
1
Let a(j) = -2*j + 9. Let s(y) = -2. Let t(q) = -a(q) - 2*s(q). What is t(7)?
9
Let v(t) = -t - 1. Let f(s) be the first derivative of s**5/15 + s**4/24 - 3*s**2/2 + 4. Let m(q) be the second derivative of f(q). Let u be m(1). Give v(u).
-6
Let m(b) = -b**2. Let z(v) = 2*v**2 - v + 4. Let n(t) = 3*m(t) + z(t). Let g be 0/(-4) - -1 - 5. Determine n(g).
-8
Suppose 12*s = 3*s. Let z(k) = 2*k + 17. Give z(s).
17
Let r be 8/(-2)*912/32. Let t = r - -126. Let a(u) = -u**2 + 13*u - 9. Calculate a(t).
3
Let q(k) = 3*k + 17*k**2 + 4 - k**3 + 4 - 32*k**2 + 10*k**2 + 6*k. Determine q(-6).
-10
Suppose -9 = -103*j + 100*j, 4*f - 23 = 3*j. Let a(s) = s**3 - 8*s**2 + 2*s - 7. Calculate a(f).
9
Let s(m) = -3*m**2 + 16*m + 26. Let c(g) = -4*g**2 + 24*g + 37. Let d(b) = -5*c(b) + 7*s(b). What is d(-9)?
-12
Let z = -299/120 - -38/15. Let m(s) be the third derivative of 4*s**2 + 1/2*s**3 + 0*s + 0 + z*s**4. Give m(-7).
-4
Let m(f) = -f**2 